hat is the units digit of (k + (-6)/(-3))*5?
5
Let j(t) = 4*t - 3. Let p be j(2). Let a(v) = 5*v**2 + 5*v + 5. Let d(h) = 9*h**2 + 9*h + 8. Let r(s) = -7*a(s) + 4*d(s). What is the units digit of r(p)?
7
Suppose 3*m - 2*m = 0. Suppose -k - 8 = -2*f, 5*k - 2*f - 3 + 19 = m. Let l(z) = 3*z**2 + z - 2. What is the units digit of l(k)?
8
Let i = 39 + -21. Suppose 0 = -3*y + 2*y - i. What is the tens digit of 561/27 + (-4)/y?
2
Let w(d) = -5*d**2 - 14*d - 46. Let x(m) = -m**2 - 3*m - 9. Let r(v) = 2*w(v) - 11*x(v). Let o be (3/(-3))/((-1)/(-7)). What is the units digit of r(o)?
1
Let a be (-2 + 2)/(-12 - -13). Suppose -5*z + w = -166, -w + 38 = z - a*z. What is the units digit of z?
4
Let d = -1 + 3. Let x(a) be the first derivative of 17*a**2/2 - 3*a - 102. What is the units digit of x(d)?
1
Let r(i) = -i**2 + 6*i + 5. Let p be r(6). Suppose -2*y - 5*c + 23 = 0, -p*y + 4*c + c + 75 = 0. What is the tens digit of y?
1
Suppose -2*u + 13 = o - 12, 4*u = 4*o + 56. Suppose -55 = 28*m - 39*m. Let t = u + m. What is the units digit of t?
8
Suppose -5*p + 815 = 12400. What is the units digit of (-3)/4 + p/(-28)?
2
Let a be (1 - 1)/((-10)/(-5)). Suppose -16 = -2*b - a*b. What is the tens digit of 3/6 + 172/b?
2
Suppose 2*d - 8 = 2*c, 3*c - c - d + 10 = 0. Let t = 11 + c. Suppose -t*q = -15, -3 = -5*p + 5*q + 2. What is the units digit of p?
4
Suppose 7*x = 11*x. Suppose n + x*n = 27. What is the units digit of n?
7
Suppose -5*l - 14 = 5*z + 1, 5*z + 5 = -3*l. Let v(j) be the second derivative of 5*j**4/12 - j**2/2 - 2*j. What is the units digit of v(z)?
9
Let a be 24/(-36)*(-12)/(-2). Let d = 19 + a. What is the units digit of d?
5
Let p = 14 - 12. Let b be 2/6*(9 - 0). Suppose -p*v + 3 + 36 = x, b*x = -v + 127. What is the units digit of x?
3
Let q be (4/(-5))/(2/3890). What is the units digit of (-5)/(35/q) - (-2)/(-7)?
2
Let z = -1 - -1. Suppose z*v + 291 = 3*v. What is the units digit of v?
7
Let b = 7210 - 5112. What is the units digit of b?
8
Suppose -10*d - 52 = -1612. Suppose 4*v = 3*m + 599, -m = v - 3*m - d. What is the tens digit of v?
4
Let h = -886 - -1253. What is the hundreds digit of h?
3
What is the hundreds digit of ((-7690)/(-30) - 0)*3?
7
Suppose -40 = -6*m + 14. Suppose -m*h - 18 = -1764. What is the units digit of h?
4
Suppose -2*m = -5*o + 20, 2*m = o - 6*o. Suppose 0 = -s - 3*s + 4*a + 100, 106 = 4*s + o*a. What is the tens digit of s?
2
Let c = 2578 - 1309. What is the hundreds digit of c?
2
Suppose -21*l + 654 = -15*l. What is the units digit of l?
9
Let f = -7 + 21. Let v be 60/1 + f/(-7). Suppose -2*z + 4*z - 4 = 0, z = 3*q - v. What is the units digit of q?
0
Let f(c) = 12*c + 486. What is the hundreds digit of f(0)?
4
Let t = 969 + -416. What is the hundreds digit of t?
5
Suppose -3178 = -2*i - 3*t, 0*t = -4*t - 8. What is the tens digit of i?
9
Let c(r) = 637*r**2 + 2*r + 3. What is the hundreds digit of c(-1)?
6
What is the tens digit of (-380)/5*(-9 - 50)?
8
Let i(t) = 15*t - 1. Let a be i(-4). Let y = a - -118. What is the tens digit of y?
5
Let p be 6/(-39) - 1776/(-52). Let x be (-6)/9*(-18)/4. Suppose x*n - p - 26 = 0. What is the tens digit of n?
2
Let j be (1 - (5 + -17))/1. Let a = 42 - j. What is the units digit of a?
9
Let v(b) = 2*b - 4. Let q be v(2). Suppose 6*s - s + 160 = q. Let x = s - -45. What is the tens digit of x?
1
Let p(a) = -6*a**3 + 23*a**2 + 23*a - 20. Let j(d) = -5*d**3 + 22*d**2 + 24*d - 20. Let u(o) = 5*j(o) - 4*p(o). What is the hundreds digit of u(19)?
1
Let x(a) be the third derivative of a**4/24 - 13*a**3/6 + 7*a**2. Let y be x(16). Suppose -j = -4*k - 24, -2 = y*j - j + 2*k. What is the units digit of j?
4
Let c be 16/1*(1 + 3). Let t = -46 + c. What is the units digit of (6/4)/(t/84)?
7
Let v = -10 + 20. Suppose -q = 6 - v. Suppose 57 = q*l - 71. What is the tens digit of l?
3
Let w(l) = -4 - 2 + l + 2. What is the units digit of w(11)?
7
Let w(c) = -c**2 + 6*c + 7. Let j(k) = -k**2 + 19*k - 11. Let g be j(18). Let l be w(g). Suppose l = 2*f + 3*f - 40. What is the units digit of f?
8
Let n = -170 + 283. Suppose -x + 76 = -n. Let j = x - 123. What is the units digit of j?
6
Let z(l) = 383*l - 167. What is the units digit of z(10)?
3
Suppose 55*w = -4911 + 20256. What is the hundreds digit of w?
2
Let o(v) = -6*v**2 + v + 4. Let s(p) = 7*p**2 - p - 4. Let h(n) = -5*o(n) - 4*s(n). What is the tens digit of h(4)?
2
Suppose -4*z = -182 - 242. Let s = z + -56. What is the tens digit of s?
5
Let y(j) = j**2 + 1. Suppose o + 7 = 3*d + 17, -5*d = 5*o + 10. Let i be y(o). Suppose -i*k + 19 + 47 = 0. What is the tens digit of k?
3
What is the units digit of 91*(-10)/56*-8?
0
Suppose -203 = 8*b - b. Let j = 36 + b. What is the tens digit of (-2)/j + 2705/35?
7
Let u = -23 + 27. Let l be 9 + -1 - u - 2. Suppose g + l*g = 156. What is the tens digit of g?
5
Suppose 72*x + 7703 - 151559 = 0. What is the thousands digit of x?
1
Suppose 0 = -5*r + 3*g + 253, g + 4*g + 55 = r. Suppose 3*m = -3*w + 99, -2*w + r = 4*m - 72. Suppose 0*o = -o + m. What is the units digit of o?
8
Let f(d) = -d**3 + 5*d**2 + 4*d. Let j be f(6). Let b(r) = -4*r - 7. What is the tens digit of b(j)?
4
Let m = -35 + 35. Suppose -7*g + 9*g - 112 = m. What is the tens digit of g?
5
Suppose -2*z + 16 - 12 = 0. Suppose 0 = 3*f + 4*h - 122, -2*f + 82 = h + z*h. Suppose 22 = 4*y - f. What is the tens digit of y?
1
Let u(b) = 19*b + 2. Let o be u(2). Let y = 60 - o. What is the tens digit of y?
2
Let j = -18 + 24. What is the units digit of j + -1 - 28/(-14)?
7
Suppose 0*r = 5*r. Suppose -9 = -o - r. Suppose -2*c + 9 + o = 0. What is the units digit of c?
9
Let a be 5*(-8)/80 - (-2)/(-4). Let t be 5 + (-1 - -2) + -2. Let l = a + t. What is the units digit of l?
3
Let v be (-9)/(-3)*(14 + 1). Let u = 60 + v. What is the units digit of u?
5
Let q be 16898/35 + (-3)/(-15). Suppose -5*u - 2*u = -q. What is the units digit of u?
9
Suppose 0*o - 5*o + 2140 = 0. Suppose t = 4*n + 2*t - o, 2*t = 4*n - 416. What is the tens digit of n?
0
Let i(b) = 182*b + 360. What is the hundreds digit of i(3)?
9
Suppose 181 = 3*k - t, 0 = 2*k + 2*k + 3*t - 250. Let c be (-3 - -2)/(1/k). Let w = -42 - c. What is the units digit of w?
9
Suppose 3*t = -2*z - 8, 5 = z + 9. Suppose t*n = 2*n + x - 120, 0 = -5*n + 3*x + 311. What is the tens digit of n?
6
Let a(g) = -g**3 - 7*g**2 - 4*g - 7. Let z be a(-7). Suppose 5*p - z = 289. What is the units digit of p?
2
Let u(v) = -2*v - 10. Let b be u(-6). Suppose -4*d + 156 = b*c, 2*c - 352 = -2*c + 2*d. What is the tens digit of c?
8
Suppose 12*d - 8961 = 30927. What is the units digit of d?
4
Suppose 7*z - 4*z - 252 = 0. Suppose 12 = -y - 4*a, 0*y - 3*a = y + 9. Suppose 4*c - c - z = y. What is the units digit of c?
8
What is the tens digit of ((-33)/2 - -2)*(-109 + 3)?
3
Let r = -502 - -688. What is the units digit of r?
6
Suppose -2*u = 10, 2*j - 8 = u + 3*u. Let i be 77 + j*(-2)/(-4). Suppose n = -n + i. What is the tens digit of n?
3
Let i be 1/(1 + 1)*(28 - -106). What is the tens digit of (-1 + 2)*i + -2?
6
Suppose 2*w = -3*w + 35. Suppose w*z - 48 = 3*z. What is the tens digit of z?
1
Let a(f) = -f**3 + 1. Let w(b) = -b**3 + 8*b**2 + 8*b + 13. Suppose v + v - 4 = 0. Let j(t) = v*a(t) - w(t). What is the tens digit of j(-8)?
5
Let o be -6*((-13)/(-3) + -3). Let l(c) = -c**3 - 7*c**2 + c - 7. What is the units digit of l(o)?
9
Let x be 0 + 2 - (0 - 24/6). Let y = 71 - 42. Let i = y + x. What is the units digit of i?
5
What is the units digit of 1 + 1 - (-2 - 501)*1?
5
Suppose 5*h + 6 = -2*o - 23, 0 = 2*o + h + 33. What is the tens digit of o/68 - (-85)/4?
2
Let f be (4 - (0 - -4))*1. Suppose 14*l - 19*l + 450 = f. What is the units digit of l?
0
Let i(j) = 2*j**3 - 2*j**2 + 6*j + 5. Let z(c) = -c**3 + c**2 - c + 1. Let s(o) = -i(o) - 3*z(o). What is the tens digit of s(4)?
2
Suppose 10*k + 1516 - 8926 = 0. What is the hundreds digit of k?
7
Let g(j) = 3*j - 7. Let f be g(3). Suppose f*d - 134 - 36 = 0. What is the tens digit of d?
8
What is the units digit of ((-24)/132 + 37/22)*406?
9
Let y be 63/6 + 12/(-8). Suppose 90 + y = -3*k. Let h = -23 - k. What is the units digit of h?
0
Let a be ((-1)/(-4) - 0)/(2/24). Let l(n) = n**2 - n + 30. Let p be l(0). Suppose c + p = a*c. What is the units digit of c?
5
Suppose 